n base 8, what is -3165613 - -3?
-3165610
In base 14, what is 11d + 93a?
a59
In base 15, what is -44276 - 0?
-44276
In base 16, what is 7b + -1ae?
-133
In base 11, what is 371 + 566?
927
In base 5, what is -42 - 34102?
-34144
In base 9, what is 501 - 288?
202
In base 8, what is -354076 - 6?
-354104
In base 6, what is -13234500 + 2?
-13234454
In base 8, what is -2462152 + -2?
-2462154
In base 6, what is -4442 + 1?
-4441
In base 13, what is -822 + 38?
-7b7
In base 6, what is -2003 - -11505?
5502
In base 2, what is -10 + 111011101?
111011011
In base 4, what is -1132 - 31300?
-33032
In base 12, what is a31b - 18?
a303
In base 6, what is 4 - -332125?
332133
In base 16, what is 22 - 34e0?
-34be
In base 12, what is -71a77 - -8?
-71a6b
In base 4, what is 11 + -11203311?
-11203300
In base 12, what is -1 + -3404?
-3405
In base 12, what is 48a15 - -5?
48a1a
In base 16, what is -871cd - 3?
-871d0
In base 11, what is 32aa1a - -3?
32aa22
In base 14, what is -b + -507?
-514
In base 7, what is 2 + 1644464?
1644466
In base 11, what is 93 - 374?
-291
In base 8, what is 377 + 1544?
2143
In base 4, what is -203302 - 1303?
-211211
In base 10, what is -8 + 24262?
24254
In base 15, what is 4 + 2988?
298c
In base 7, what is -4 - -356631?
356624
In base 12, what is -20a9a8 - -2?
-20a9a6
In base 5, what is -4 - -1404024?
1404020
In base 11, what is -1a614 + 17?
-1a5a8
In base 15, what is -6576 - -5?
-6571
In base 11, what is 28852 - -22?
28874
In base 12, what is -92945 - -5?
-92940
In base 10, what is -3121 - 197?
-3318
In base 13, what is 4c401b - -5?
4c4023
In base 7, what is -54654 - 0?
-54654
In base 14, what is 39c - -123?
4c1
In base 7, what is 1 - -56336?
56340
In base 12, what is 17a + -6?
174
In base 10, what is -9989 - 92?
-10081
In base 3, what is -1 + -22101222120?
-22101222121
In base 11, what is 16 + -849?
-833
In base 15, what is 28bc0 - -2?
28bc2
In base 3, what is -10112010002020 - 1?
-10112010002021
In base 6, what is -3125 + 410?
-2315
In base 12, what is -4b6 + 15?
-4a1
In base 10, what is 13 + 175411?
175424
In base 11, what is -821 + 22?
-7aa
In base 8, what is 15 - -2050?
2065
In base 14, what is -1531 - 26?
-1557
In base 11, what is -1888 + 266?
-1622
In base 5, what is 123 + -2042?
-1414
In base 15, what is -a + 770?
765
In base 12, what is 5 - 18187?
-18182
In base 15, what is -7d11 - -2a?
-7cd6
In base 6, what is -3 - 2002152?
-2002155
In base 3, what is 22 + 10112102221?
10112110020
In base 11, what is 327 + 5341?
5668
In base 4, what is 11310 - -120122?
132032
In base 9, what is -3 + 150077?
150074
In base 11, what is -30 - -38598?
38568
In base 3, what is -1122 - 212210?
-221102
In base 7, what is -26412 - -1060?
-25322
In base 4, what is 2 - -1002?
1010
In base 6, what is 51113 - 23?
51050
In base 5, what is -3 - -32012?
32004
In base 13, what is 993 - 467?
529
In base 16, what is 214dc + 0?
214dc
In base 9, what is 1454 + 343?
1807
In base 15, what is -e95d0 + 4?
-e95cb
In base 13, what is 117 + -194?
-7a
In base 7, what is 323 + -1352?
-1026
In base 4, what is -2023032 - 12?
-2023110
In base 6, what is -25 - 2233?
-2302
In base 3, what is -1 + 1002011221?
1002011220
In base 11, what is -22520 + -5?
-22525
In base 5, what is 40 - -1120330?
1120420
In base 6, what is 1 + -4244520?
-4244515
In base 12, what is 2 + 4126b?
41271
In base 9, what is 100 - -274?
374
In base 11, what is 5 + -a6992?
-a6988
In base 7, what is -2364430 - -1?
-2364426
In base 14, what is 4 + ba23?
ba27
In base 13, what is 50a - -442?
94c
In base 4, what is 1322000 + 131?
1322131
In base 13, what is 4 + a15?
a19
In base 13, what is 5 - -3ab29?
3ab31
In base 7, what is -13553 - -352?
-13201
In base 15, what is -4 + 1abc?
1ab8
In base 16, what is 5 + 4fc33?
4fc38
In base 4, what is 1320 - 2331211?
-2323231
In base 15, what is -26e + 2aa?
3b
In base 9, what is -1400481 - -5?
-1400475
In base 3, what is 10222101 + 1001110?
12000211
In base 14, what is 54ba - 13?
54a7
In base 2, what is 11011 + -100101000010?
-100100100111
In base 10, what is -7909 + 1?
-7908
In base 5, what is -4 - -413102?
413043
In base 4, what is -10223333 + -30?
-10230023
In base 13, what is 21201 - -4?
21205
In base 8, what is 7 - -424420?
424427
In base 14, what is 7c4d4 - 5?
7c4cd
In base 9, what is 4 + -167540?
-167535
In base 5, what is -223241134 + 4?
-223241130
In base 12, what is -683 - -5?
-67a
In base 2, what is 10110001111010010 - 0?
10110001111010010
In base 15, what is -a - -d0bc?
d0b2
In base 3, what is 1 + 11112102?
11112110
In base 5, what is 2 - 1333404?
-1333402
In base 16, what is 1e6 + -1b9?
2d
In base 8, what is 556 + 3743?
4521
In base 16, what is -6845 + -12?
-6857
In base 7, what is -1515100 - -1?
-1515066
In base 13, what is -5b1 - -83?
-52b
In base 11, what is 14 + -25134?
-25120
In base 2, what is -100000101010001100011 - 1?
-100000101010001100100
In base 14, what is -17 - 3276?
-328d
In base 13, what is -a2a2c + -15?
-a2a44
In base 3, what is 111201221010 - 2?
111201221001
In base 12, what is -21a3 - 1?
-21a4
In base 2, what is 10100111100001001 - -10?
10100111100001011
In base 5, what is 4 + 113130010?
113130014
In base 6, what is -124 + 315153?
315025
In base 9, what is -672 + 83?
-578
In base 16, what is -47f - -91c?
49d
In base 9, what is 403 + -447?
-44
In base 2, what is 0 - -10010111001001000110?
10010111001001000110
In base 12, what is -237 - -36?
-201
In base 5, what is -423021 + 4?
-423012
In base 13, what is 3 - 58a3?
-58a0
In base 4, what is 1 + 201230?
201231
In base 9, what is 188313 - 1?
188312
In base 14, what is -494 + 39?
-459
In base 12, what is 0 - 1baa2?
-1baa2
In base 6, what is -3443 + 1545?
-1454
In base 6, what is -5 - -311435?
311430
In base 8, what is 12 + -11362?
-11350
In base 14, what is -1c9 - 144a?
-1635
In base 4, what is -11311321313 - 2?
-11311321321
In base 5, what is -13 - -11332233?
11332220
In base 3, what is -110121020 + -12?
-110121102
In base 9, what is 1878 - -23?
2012
In base 16, what is 0 - -d32?
d32
In base 9, what is 2 - -26431?
26433
In base 16, what is 25 + 21c?
241
In base 13, what is 214 - 6?
20b
In base 14, what is -cb8 + -111?
-dc9
In base 3, what is 2220122112 - -2?
2220122121
In base 13, what is -22 + 430b9?
43097
In base 11, what is 30695a - -1?
306960
In base 11, what is -7022 - 9?
-7030
In base 10, what is -2 - -1247?
1245
In base 15, what is -1e7a - 27?
-1ea2
In base 6, what is 22033 + 320?
22353
In base 7, what is 253 - 66?
154
In base 8, what is 61446 - 11?
61435
In base 15, what is 0 + 4b834?
4b834
In base 5, what is -14 - -310?
241
In base 11, what is 6059 - 104?
5a55
In base 16, what is -11f - 9d2?
-af1
In base 13, what is -31a - -405?
b8
In base 3, what is 10101110 + -1221?
10022112
In base 14, what is -142 + -9a?
-1dc
In base 2, what is -101 - -10100001011011101?
10100001011011000
In base 12, what is -30 + -8a?
-ba
In base 3, what is -10111 + 120201?
110020
In base 13, what is -39086 - 3?
-39089
In base 9, what is -7637 + -30?
-7667
In base 5, what is 221 + 40121?
40342
In base 4, what is 201322 - 21022?
120300
In base 15, what is -2b439 + e?
-2b42a
In base 14, what is 7 - -b36?
b3d
In base 15, what is -b2 + aa?
-7
In base 13, what is 42c01 - 0?
42c01
In base 13, what is -6 + 944?
93b
In base 4, what is 112211 - 220?
111331
In base 10, what is 24 - -26795?
26819
In base 6, what is -30 - -332503?
332433
In base 13, what is -26 + c38?
c12
In base 16, what is -36a + 15?
-355
In base 5, what is -4021 - -343?
-3123
In base 8, what is 3225 + -1260?
1745
In base 13, what is 219 + 6?
222
In base 14, what is 4 - 18597a?
-185976
In base 13, what is -2 - -2251?
224c
In base 16, what is -2 + -33b3b?
-33b3d
In base 11, what is -613 - 150?
-763
In base 9, what is 444 - 145?
288
In base 5, what is 1211 + -4322?
-3111
In base 2, what is 1101100010100001000000 + 10?
1101100010100001000010
In base 16, what is 3 + 51a?
51d
In base 9, what is -1413604 - 5?
-1413610
In base 13, what is -3 + -69bb?
-69c1
In base 10, what is 255 + 75?
330
In base 13, what is 5c + -c70?
-c11
In base 10, what is -5 + 30053?
30048
In base 3, what is -2211000211 - 1?
-2211000212
In base 10, what is 29280 + -17?
29263
In base 12, what is 4415 - 5?
4410
In base 16, what is -1e51e + -3?
-1e521
In base 9, what is 81 - -174?
265
In base 16, what is 1